{"id":130,"date":"2023-04-19T12:52:51","date_gmt":"2023-04-19T10:52:51","guid":{"rendered":"https:\/\/www.pol-constanta.ro\/?page_id=130"},"modified":"2023-04-19T14:00:25","modified_gmt":"2023-04-19T12:00:25","slug":"pid-constanta","status":"publish","type":"page","link":"https:\/\/www.pol-constanta.ro\/index.php\/pid-constanta\/","title":{"rendered":"PID Constan\u0163a"},"content":{"rendered":"<div class=\"entry-content\">\n<p style=\"text-align: center;\"><strong>PLANUL INTEGRAT DE DEZVOLTARE <\/strong><strong>PENTRU<\/strong><\/p>\n<p style=\"text-align: center;\"><strong>POLUL DE CRE\u015eTERE CONSTAN\u0162A <\/strong><\/p>\n<p style=\"text-align: center;\"><strong>\u2013 ZONA METROPOLITAN\u0102 CONSTAN\u0162A \u2013<\/strong><\/p>\n<p><strong>\u00a0<\/strong><\/p>\n<p><strong>REAVIZAT LA DATA DE\u00a021 MAI 2010<\/strong><\/p>\n<p><strong>\u00a0<\/strong><strong>\u00a0<\/strong><\/p>\n<p><strong>ARGUMENT<\/strong><\/p>\n<p style=\"text-align: justify;\">Strategia de Dezvoltare Teritorial\u0103 a Rom\u00e2niei 2007 \u2013 2030, Cadrul Na\u0163ional Strategic de Referin\u0163\u0103 2007 \u2013 2013 \u00een concordan\u0163\u0103 cu politica de coeziune a Uniunii Europene a stabilit, ca obiectiv al priorit\u0103\u0163ii de dezvoltare teritorial\u0103 echilibrat\u0103 a \u0163\u0103rii, dezvoltarea polilor de cre\u015ftere existen\u0163i sau \u00een formare.<\/p>\n<p style=\"text-align: justify;\">\u00cen acest sens Guvernul a aprobat Memorandumul privind sprijinirea dezvolt\u0103rii integrate a re\u0163elei polilor de cre\u015ftere din Rom\u00e2nia, document ce sus\u0163ine dezvoltarea ora\u015felor, pentru ca acestea s\u0103-\u015fi poat\u0103 realiza func\u0163iile urbane de baz\u0103, cre\u00e2ndu-se astfel condi\u0163iile unei dezvolt\u0103ri policentrice echilibrate a \u0163\u0103rii \u015fi ale afirm\u0103rii principiului solidarit\u0103\u0163ii, ca principiu esen\u0163ial al politicii de coeziune a Uniunii Europene.<\/p>\n<p style=\"text-align: justify;\">\u00cen cadrul acestui Memorandum, municipiul Constan\u0163a \u015fi zona sa de influen\u0163\u0103, reprezentat\u0103 de cele 14 localit\u0103\u0163i care alc\u0103tuiesc <strong>Zona Metropolitan\u0103 Constan\u0163a<\/strong>, se afl\u0103 pe lista polilor de cre\u015ftere la nivel na\u0163ional conform Hot\u0103r\u00e2rii nr.998 din 27 august 2008 \u015fi urmeaz\u0103 s\u0103 beneficieze prin intermediul Programului Opera\u0163ional Regional, Axa Prioritara 1 \u2013 \u201eSprijinirea dezvolt\u0103rii durabile a ora\u015felor \u2013 poten\u0163iali poli de cre\u015ftere, Domeniul major de interven\u0163ie 1.1.- Planuri integrate de dezvoltare urban\u0103 de asisten\u0163\u0103 financiar\u0103 dedicat\u0103 realiz\u0103rii unor proiecte integrate de dezvoltare a zonei.<\/p>\n<p style=\"text-align: justify;\">Finan\u0163area proiectelor integrate de dezvoltare a municipiului Constan\u0163a \u015fi a Zonei Metropolitane Constan\u0163a se va realiza prin intermediul <strong>Planului Integrat de Dezvoltare a Polului de Cre\u015ftere.<\/strong><\/p>\n<p style=\"text-align: justify;\">Viziunea de dezvoltare a Polului Na\u0163ional de Cre\u015ftere Constan\u0163a urm\u0103re\u015fte <strong>impunerea <\/strong><strong>Zonei Metropolitane Constan\u0163a<\/strong> <strong>ca un centru multifunc\u0163ional competitiv al Rom\u00e2niei<\/strong>, cel mai important reper turistic al \u0163\u0103rii \u015fi principalul polarizator economic \u00een regiunea M\u0103rii Negre, av\u00e2ndu-se \u00een vedere totodat\u0103 dezvoltarea durabil\u0103 a \u00eentregii zone \u015fi reducerea discrepan\u0163elor actuale de dezvoltare dintre cele 14 localit\u0103\u0163i.<\/p>\n<p>&nbsp;<\/p>\n<p><strong>STRUCTURA<\/strong><\/p>\n<p><strong>\u00a0<\/strong><\/p>\n<p><strong><a href=\"https:\/\/www.pol-constanta.ro\/app\/wp-content\/uploads\/PID\/01.ParteI.pdf\" target=\"_blank\" rel=\"noopener\">PARTEA I: AUDIT (COMPREHENSIV) SAU ANALIZA \u015eI EVALUAREA SITUA\u0162IEI EXISTENTE DIN PUNCT DE VEDERE ECONOMIC, SOCIAL, AL MEDIULUI \u015eI NIVELULUI DE ECHIPARE TEHNIC\u0102 \u015eI SOCIAL\u0102 A POLULUI DE CRE\u015eTERE<\/a><\/strong><\/p>\n<p>Capitolul 1 \u2013 Date generale<\/p>\n<p>Capitolul 2 \u2013 Audit teritorial<\/p>\n<p>Capitolul 3 \u2013 Audit administrativ<\/p>\n<p>Capitolul 4 \u2013 Diagnostic \u015fi SWOT<\/p>\n<p>&nbsp;<\/p>\n<p><strong><a href=\"https:\/\/www.pol-constanta.ro\/app\/wp-content\/uploads\/PID\/02.ParteII.pdf\" target=\"_blank\" rel=\"noopener\">PARTEA A II-A: STRATEGIA DE DEZVOLTARE A POLULUI DE CRE\u015eTERE<\/a><\/strong><\/p>\n<p>Capitolul 1 \u2013 Viziune de dezvoltare<\/p>\n<p>Capitolul 2 \u2013 Obiective strategice<\/p>\n<p>Capitolul 3 \u2013 Politici \u015fi programe<\/p>\n<p>Capitolul 4 \u2013 Programe prioritare<\/p>\n<p>Capitolul 5 \u2013 Informare \u015fi consultare<\/p>\n<p>&nbsp;<\/p>\n<p><strong><a href=\"https:\/\/www.pol-constanta.ro\/app\/wp-content\/uploads\/PID\/03.ParteIII.pdf\" target=\"_blank\" rel=\"noopener\">PARTEA A III-A: PROFILUL SPA\u0162IAL \u015eI ARII DE INTERVEN\u0162IE \u00ceN POLUL DE CRE\u015eTERE<\/a><\/strong><\/p>\n<p>Capitolul 1 \u2013 Profil spa\u0163ial \u015fi func\u0163ional<\/p>\n<p>Capitolul 2 \u2013 Arii problem\u0103 \u015fi tendin\u0163e de evolu\u0163ie spa\u0163ial\u0103<\/p>\n<p>Capitolul 3 \u2013 Arii de interven\u0163ie identificate<\/p>\n<p>Capitolul 4 \u2013 Selec\u0163ia ariilor de interven\u0163ie prioritar\u0103<\/p>\n<p>&nbsp;<\/p>\n<p><strong><a href=\"https:\/\/www.pol-constanta.ro\/app\/wp-content\/uploads\/PID\/04.ParteIV.pdf\" target=\"_blank\" rel=\"noopener\">PARTEA A IV-A: PLANUL DE AC\u0162IUNE (PENTRU ETAPA 2009 \u2013 2015)<\/a><\/strong><\/p>\n<p>Capitolul 1 \u2013 Argumente strategice \u015fi opera\u0163ionale<\/p>\n<p>Capitolul 2 \u2013 Pachetul de proiecte<\/p>\n<p>Capitolul 3 \u2013 Fi\u015fele proiectelor identificate<\/p>\n<p>Capitolul 4 \u2013 Graficul de implementare<\/p>\n<p>&nbsp;<\/p>\n<p><a href=\"https:\/\/www.pol-constanta.ro\/app\/wp-content\/uploads\/PID\/05.ParteV.pdf\" target=\"_blank\" rel=\"noopener\"><strong>PARTEA A V-A: MANAGEMENTUL IMPLEMENT\u0102RII PLANULUI INTEGRAT<\/strong> <\/a><\/p>\n<p>Capitolul 1 \u2013 Structura de management propus\u0103<\/p>\n<p>Capitolul 2 \u2013 Rela\u0163ii opera\u0163ionale<\/p>\n<p>Capitolul 3 \u2013 Informare \u015fi comunicare<\/p>\n<p>Capitolul 4 \u2013 Indicatori de monitorizare \u015fi evaluare<\/p>\n<p>&nbsp;<\/p>\n<p><strong>ANEXE<\/strong><\/p>\n<p><strong><a href=\"https:\/\/www.pol-constanta.ro\/app\/wp-content\/uploads\/PID\/06.Anexa1.pdf\" target=\"_blank\" rel=\"noopener\">Anexa I<\/a><\/strong> \u2013 Declara\u0163ii de asumare a P.l.D., semnate de reprezentan\u0163ii legali ai unit\u0103\u0163ilor administrativ teritoriale componente ale Asocia\u0163iei de Dezvoltare Intercomunitar\u0103 constituit\u0103 la nivelul Polului Na\u0163ional de Cre\u015ftere Constan\u0163a \u015fi ai A.D.I. Z.M.C.; Hot\u0103r\u00e2rile de Consiliu Local \/Consiliu Judetean\/ A.D.I. Z.M.C. de aprobare a Planului Integrat de Dezvoltare<\/p>\n<p><strong><a href=\"https:\/\/www.pol-constanta.ro\/app\/wp-content\/uploads\/PID\/07.Anexa2.pdf\" target=\"_blank\" rel=\"noopener\">Anexa II<\/a><\/strong> \u2013 Date statistice aferente auditului teritorial<\/p>\n<p><a href=\"https:\/\/www.pol-constanta.ro\/app\/wp-content\/uploads\/PID\/08.Anexa3.pdf\" target=\"_blank\" rel=\"noopener\"><strong>Anexa III<\/strong> <\/a>\u2013 Hot\u0103r\u00e2rile de Consiliu Local prin care sunt aprobate strategiile de dezvoltare aferente unit\u0103\u0163ilor administrativ teritoriale componente ale A.D.I. Z.M.C.<\/p>\n<p>Strategiile de dezvoltare aferente unit\u0103\u0163ilor administrativ teritoriale componente ale A.D.I. Z.M.C.;<\/p>\n<p><a href=\"https:\/\/www.pol-constanta.ro\/app\/wp-content\/uploads\/PID\/09.Anexa4.pdf\" target=\"_blank\" rel=\"noopener\"><strong>Anexa IV<\/strong> <\/a>\u2013 Fi\u015fe ale localit\u0103\u0163ilor ce fac parte din Zona Metropolitan\u0103 Constan\u0163a privind identificarea necesit\u0103\u0163ilor \u015fi a proiectelor prioritare<\/p>\n<p><strong><a href=\"https:\/\/www.pol-constanta.ro\/app\/wp-content\/uploads\/PID\/10.Anexa5.pdf\" target=\"_blank\" rel=\"noopener\">Anexa V<\/a> <\/strong>\u2013 Dezbateri publice in localit\u0103\u0163ile Zonei Metropolitane Constan\u0163a:<\/p>\n<p>Rapoarte privind dezbaterile publice ale Strategiei de Dezvoltarea a Polului Na\u0163ional de Cre\u015ftere Constan\u0163a in forma ei preliminar\u0103<\/p>\n<p><strong><a href=\"https:\/\/www.pol-constanta.ro\/app\/wp-content\/uploads\/PID\/11.Anexa6.pdf\" target=\"_blank\" rel=\"noopener\">Anexa VI <\/a><\/strong>\u2013 \u00a0Dezbatere public\u0103 in municipiul Constan\u0163a: Fi\u015f\u0103 de prezent\u0103; Prezentare MS Power Point; Chestionare de evaluare; Raport privind dezbaterea public\u0103 a Strategiei de Dezvoltarea a Polului Na\u0163ional de\u00a0Cre\u015ftere Constan\u0163a<\/p>\n<p><strong><a href=\"https:\/\/www.pol-constanta.ro\/app\/wp-content\/uploads\/PID\/12.Anexa7.pdf\" target=\"_blank\" rel=\"noopener\">Anexa VII<\/a><\/strong> \u2013 Dezbateri publice in localit\u0103\u0163ile Zonei Metropolitane Constan\u0163a; Rapoarte privind dezbaterile publice a proiectelor prioritare ale localit\u0103\u0163ilor care fac parte din Zona Metropolitan\u0103 Constant\u0103<\/p>\n<p><strong><a href=\"https:\/\/www.pol-constanta.ro\/app\/wp-content\/uploads\/PID\/13.Anexa8.pdf\" target=\"_blank\" rel=\"noopener\">Anexa VIII<\/a><\/strong> \u2013 Prezentare PowerPoint, Comunicate de pres\u0103<\/p>\n<p><strong><a href=\"https:\/\/www.pol-constanta.ro\/app\/wp-content\/uploads\/PID\/14.Anexa9.pdf\" target=\"_blank\" rel=\"noopener\">Anexa IX<\/a><\/strong> \u2013 Proiecte prioritare identificate la nivelul localit\u0103\u0163ilor ce fac parte din Zona Metropolitan\u0103 Constan\u0163a<\/p>\n<p><strong><a href=\"https:\/\/www.pol-constanta.ro\/app\/wp-content\/uploads\/PID\/15.Anexa10.pdf\" target=\"_blank\" rel=\"noopener\">Anexa X<\/a> <\/strong>\u2013 Bilan\u0163 financiar contabil al U.A.T. componente ale A.D.I. Z.M.C.<\/p>\n<p><strong><a href=\"https:\/\/www.pol-constanta.ro\/app\/wp-content\/uploads\/PID\/16.Anexa11.pdf\" target=\"_blank\" rel=\"noopener\">Anexa XI<\/a><\/strong> \u2013 Aviz SEA \u2013 Evaluare impact planuri \/ programe; Anun\u0163 public \u00een presa scris\u0103<\/p>\n<p><strong>\u00a0<\/strong><\/p>\n<p><strong><a href=\"https:\/\/www.pol-constanta.ro\/app\/wp-content\/uploads\/PID\/17.Bibliografie.pdf\" target=\"_blank\" rel=\"noopener\">BIBLIOGRAFIE<\/a><\/strong><\/p>\n<p><strong>\u00a0<\/strong><\/p>\n<p><strong><a href=\"https:\/\/www.pol-constanta.ro\/app\/wp-content\/uploads\/PID\/18.Raport_mediu.pdf\" target=\"_blank\" rel=\"noopener\">RAPORT\u00a0DE MEDIU pentru PLANUL INTEGRAT DE DEZVOLTARE<\/a><\/strong><\/p>\n<p><strong><a href=\"https:\/\/www.pol-constanta.ro\/app\/wp-content\/uploads\/PID\/Declaratie_postarePID.pdf\" target=\"_blank\" rel=\"noopener\">DECLARA\u0162IE Administrator Delegat ZONA METROPOLITAN\u0102 CONSTAN\u0162A privind publicarea pe site-ul web al asocia\u0163iei<\/a><\/strong><\/p>\n<\/div>\n","protected":false},"excerpt":{"rendered":"<p>PLANUL INTEGRAT DE DEZVOLTARE PENTRU POLUL DE CRE\u015eTERE CONSTAN\u0162A \u2013 ZONA METROPOLITAN\u0102 CONSTAN\u0162A \u2013 \u00a0 REAVIZAT LA DATA DE\u00a021 MAI 2010 \u00a0\u00a0 ARGUMENT Strategia de Dezvoltare Teritorial\u0103 a Rom\u00e2niei 2007 \u2013 2030, Cadrul Na\u0163ional Strategic de Referin\u0163\u0103 2007 \u2013 2013<\/p>\n","protected":false},"author":1,"featured_media":0,"parent":0,"menu_order":0,"comment_status":"closed","ping_status":"closed","template":"","meta":{"footnotes":""},"class_list":["post-130","page","type-page","status-publish","hentry"],"_links":{"self":[{"href":"https:\/\/www.pol-constanta.ro\/index.php\/wp-json\/wp\/v2\/pages\/130","targetHints":{"allow":["GET"]}}],"collection":[{"href":"https:\/\/www.pol-constanta.ro\/index.php\/wp-json\/wp\/v2\/pages"}],"about":[{"href":"https:\/\/www.pol-constanta.ro\/index.php\/wp-json\/wp\/v2\/types\/page"}],"author":[{"embeddable":true,"href":"https:\/\/www.pol-constanta.ro\/index.php\/wp-json\/wp\/v2\/users\/1"}],"replies":[{"embeddable":true,"href":"https:\/\/www.pol-constanta.ro\/index.php\/wp-json\/wp\/v2\/comments?post=130"}],"version-history":[{"count":2,"href":"https:\/\/www.pol-constanta.ro\/index.php\/wp-json\/wp\/v2\/pages\/130\/revisions"}],"predecessor-version":[{"id":144,"href":"https:\/\/www.pol-constanta.ro\/index.php\/wp-json\/wp\/v2\/pages\/130\/revisions\/144"}],"wp:attachment":[{"href":"https:\/\/www.pol-constanta.ro\/index.php\/wp-json\/wp\/v2\/media?parent=130"}],"curies":[{"name":"wp","href":"https:\/\/api.w.org\/{rel}","templated":true}]}}